alse
Is 460881266 a multiple of 1579?
False
Is 2006 a factor of 153376754?
True
Is 1463802464 a multiple of 1466?
False
Is 11009550 a multiple of 15?
True
Is 105769481 a multiple of 94?
False
Is 39448499 a multiple of 636?
False
Is 468 a factor of 1270152?
True
Does 3 divide 665038637?
False
Does 363 divide 65587846?
False
Does 88 divide 554217312?
True
Does 7 divide 22225021?
True
Is 17 a factor of 353885351?
False
Does 54 divide 135387666?
True
Is 1855908218 a multiple of 34?
False
Does 17 divide 82895400?
True
Is 356353813 a multiple of 17?
True
Is 35 a factor of 1610437765?
False
Is 1883 a factor of 4673834957?
False
Does 3 divide 179522706?
True
Does 127 divide 934551132?
False
Does 49 divide 85849446?
False
Is 8849675 a multiple of 29?
False
Does 881 divide 350788563?
False
Does 2650 divide 94570550?
True
Is 3083 a factor of 18467170?
True
Is 349547060 a multiple of 1195?
True
Is 167 a factor of 470879045?
True
Is 206727828 a multiple of 139?
False
Is 45090357 a multiple of 13?
True
Does 123 divide 306780063?
False
Is 13 a factor of 8946826?
False
Is 4688 a factor of 2336629078?
False
Is 14 a factor of 273040410?
False
Is 258603476 a multiple of 16?
False
Is 85 a factor of 37567537?
False
Is 145514741 a multiple of 5?
False
Is 41087291 a multiple of 17?
False
Does 1849 divide 45977234?
True
Does 1319 divide 477397541?
True
Does 393 divide 238410699?
True
Is 37 a factor of 1170890724?
False
Is 487 a factor of 10245970?
False
Does 184 divide 10009600?
True
Does 2116 divide 72455799?
False
Is 114328813 a multiple of 206?
False
Does 5 divide 316334328?
False
Is 231 a factor of 326250540?
True
Is 16 a factor of 35766230?
False
Is 5709 a factor of 256132920?
False
Is 3130998 a multiple of 13?
True
Does 508 divide 2494030572?
True
Is 9948389 a multiple of 933?
False
Does 412 divide 1259911244?
True
Does 7 divide 420488984?
False
Is 10753872 a multiple of 3768?
True
Is 554 a factor of 25521753?
False
Is 532 a factor of 76685745?
False
Does 22 divide 311564055?
False
Is 13 a factor of 39526461?
True
Does 4 divide 1667316852?
True
Does 714 divide 3217284?
True
Is 665061098 a multiple of 1223?
False
Is 10 a factor of 39158090?
True
Is 1399078360 a multiple of 40?
True
Does 17 divide 1284874447?
False
Is 78862905 a multiple of 495?
True
Does 5296 divide 192117696?
True
Does 13 divide 89353940?
True
Does 3 divide 28762011?
True
Does 2100 divide 2217600?
True
Is 84586324 a multiple of 5584?
False
Is 140911164 a multiple of 102?
True
Is 154287770 a multiple of 49?
True
Does 587 divide 121085279?
False
Is 1920926564 a multiple of 1821?
False
Is 29 a factor of 92457496?
False
Does 646 divide 62173624?
True
Is 209 a factor of 406247721?
True
Is 2 a factor of 5096370?
True
Is 43027816 a multiple of 221?
True
Is 719 a factor of 29190681?
True
Is 1336511620 a multiple of 940?
False
Is 1383779725 a multiple of 19?
False
Is 6817782 a multiple of 17?
True
Is 2353482178 a multiple of 317?
True
Does 8 divide 4280590?
False
Does 17 divide 68415208?
True
Is 751948549 a multiple of 1765?
False
Does 19 divide 37976326?
True
Does 436 divide 37442350?
False
Is 107 a factor of 469443562?
False
Is 21 a factor of 694197105?
True
Is 23 a factor of 17478938?
False
Is 58928784 a multiple of 24?
True
Is 333 a factor of 2788636253?
False
Is 6240453 a multiple of 5?
False
Is 4764488 a multiple of 68?
True
Is 266 a factor of 338444863?
False
Does 52 divide 31509122?
False
Does 9 divide 145053585?
True
Is 23826259 a multiple of 32?
False
Is 555 a factor of 14226870?
True
Is 149 a factor of 178623584?
True
Is 83792997 a multiple of 1660?
False
Is 8536 a factor of 3205193136?
False
Is 279 a factor of 1716699834?
True
Is 110 a factor of 124060420?
True
Is 122 a factor of 104433495?
False
Does 56 divide 46024308?
False
Is 563535808 a multiple of 22?
True
Is 806189527 a multiple of 143?
True
Is 1838 a factor of 27601246?
True
Is 1225103973 a multiple of 31?
True
Does 7 divide 8206520?
True
Does 37 divide 2992037?
False
Does 2161 divide 543449415?
False
Is 1130303100 a multiple of 1874?
True
Is 434 a factor of 42432180?
True
Does 224 divide 561591520?
True
Is 956 a factor of 502598843?
False
Is 28 a factor of 489298690?
False
Does 831 divide 26818642?
False
Is 28 a factor of 33220405?
False
Is 1010700 a multiple of 300?
True
Is 2148164112 a multiple of 21?
False
Is 64 a factor of 790258624?
True
Is 317 a factor of 33239035?
True
Does 703 divide 1008794455?
True
Is 43 a factor of 55480406?
True
Does 422 divide 324449214?
True
Does 521 divide 42648018?
True
Is 25748438 even?
True
Is 7 a factor of 167853?
True
Is 2 a factor of 5659933?
False
Is 12630880 a multiple of 1780?
True
Does 7 divide 554657880?
True
Is 11214530 a multiple of 18?
False
Is 3428820 a multiple of 172?
True
Does 265 divide 56673165?
True
Is 13303897 a multiple of 15?
False
Is 1809962282 a multiple of 33?
False
Is 16728005 a multiple of 326?
False
Is 123 a factor of 230738529?
True
Does 7 divide 21937479?
False
Does 3 divide 434133307?
False
Is 191 a factor of 302137187?
False
Is 315169990 a multiple of 139?
True
Does 1441 divide 2298862303?
False
Does 428 divide 76035054?
False
Is 12 a factor of 1312175955?
False
Does 4 divide 51808502?
False
Is 14 a factor of 411839090?
False
Is 3 a factor of 4308104?
False
Is 71853976 a multiple of 188?
True
Is 930275151 a multiple of 1187?
False
Is 3279 a factor of 1035942024?
False
Does 2043 divide 291762873?
True
Does 10 divide 8438640?
True
Is 8 a factor of 20363616?
True
Is 3223734266 a multiple of 7068?
False
Does 3 divide 3293520?
True
Is 2656965031 a multiple of 3129?
False
Is 3614060 even?
True
Does 105 divide 97721400?
True
Does 270 divide 71720548?
False
Is 5633 a factor of 360421872?
True
Does 834 divide 16189966?
False
Does 17 divide 3891944466?
False
Is 1655 a factor of 62897451?
False
Is 75 a factor of 1613014500?
True
Does 273 divide 248305577?
False
Is 9859471 a multiple of 13?
False
Does 145 divide 971163368?
False
Is 1860493986 a multiple of 18?
True
Is 939 a factor of 1051455325?
False
Does 171 divide 109735146?
True
Does 30 divide 37086497?
False
Is 86 a factor of 102752692?
False
Is 287920016 a multiple of 14?
False
Is 529 a factor of 186675525?
False
Does 5377 divide 297151836?
False
Is 154677978 a multiple of 16?
False
Is 28 a factor of 10908044?
True
Does 9 divide 64498815?
True
Is 54 a factor of 136016442?
True
Does 47 divide 57693863?
True
Is 480995564 a multiple of 3724?
True
Is 256 a factor of 17351093?
False
Is 600129660 a multiple of 52?
True
Does 72 divide 842112?
True
Does 5 divide 1590620?
True
Is 31941615 a multiple of 897?
False
Does 51 divide 469410528?
True
Is 1489 a factor of 382065488?
True
Is 1246926 even?
True
Is 189 a factor of 4190319?
True
Does 288 divide 7309890?
False
Is 1130337075 a multiple of 987?
True
Is 55579678 a multiple of 14?
True
Is 1039 a factor of 4544887310?
True
Is 473309861 a multiple of 5279?
True
Does 90 divide 18120060?
True
Is 123 a factor of 723451053?
False
Does 46 divide 4223763?
False
Does 249 divide 998987004?
True
Is 6922 a factor of 1481066258?
False
Is 6 a factor of 92313993?
False
Is 313551513 a multiple of 1441?
True
Does 13 divide 549424635?
False
Is 2724 a factor of 2229547266?
False
Is 388518144 a multiple of 1792?
True
Does 459 divide 394127322?
False
Is 2939116 a multiple of 158?
True
Does 296 divide 961693845?
False
Does 2408 divide 134217104?
True
Is 2 a factor of 7001975?
False
Is 832 a factor of 2863111294?
False
Is 27 a factor of 161616816?
True
Is 5265 a factor of 303206085?
True
Is 128 a factor of 38229632?
True
Is 39 a factor of 1007319651?
True
Is 143 a factor of 4806659?
True
Is 374556000 a multiple of 3120?
True
Is 608213464 a multiple of 8?
True
Is 14788886 a multiple of 14?
True
Is 18 a factor of 224821206?
True
Is 161800860 a multiple of 1131?
True
Does 9 divide 8211678?
False
Is 301764162 a multiple of 25?
False
Is 5984480860 a multiple of 4324?
True
Is 347347849 a multiple of 3670?
False
Does 11 divide 41122065?
False
Is 18044957 a multiple of 2116?
False
Does 482 divide 379059742?
True
Is 34 a factor of 401024016?
True
Is 9 a factor of 20730699?
True
Does 546 divide 485100522?
False
Does 21 divide 4019005?
False
Does 568 divide 353342546?
False
Is 153079206 a multiple of 21?
True
Is